e (4 - (-16)/w)*5. Suppose -5*s + 1 + 60 = c, b*c + 2*s = 190. What is the units digit of c?
6
Let j(n) = -9*n + 25. Let i be j(8). Let d = i + 99. What is the units digit of d?
2
Suppose -z + 0*z = 4*j - 105, 2*j = 3*z + 35. Let h(c) = 15*c - j + 12 - 4*c. What is the tens digit of h(4)?
3
Suppose 4*a - 2 = -10. Let v be 26/(a/40*-4). Suppose 2*u = -u + 2*r + v, -r - 175 = -4*u. What is the tens digit of u?
4
Suppose g - 5 - 1 = 0. Let l(s) = s + 11. Let h be l(-8). Suppose u - h*u + g = 0. What is the units digit of u?
3
Let g = -3429 + 7270. What is the units digit of g?
1
Let v(c) = 2*c**2 + 33*c - 16. What is the units digit of v(-26)?
8
Suppose -5*s - 10 - 75 = 0. Let a = -15 - s. What is the units digit of a?
2
What is the units digit of -2 - (-1903 - 8/4)?
3
Let q(k) = 8 - 15*k + 18*k - 15*k + k**2. What is the units digit of q(12)?
8
Suppose -36*t - 28*t = -27776. What is the hundreds digit of t?
4
Let x(f) = -10*f**2 + f**3 + 11 - 3 + 9*f + 5. Let v be x(9). Suppose -2*n - 48 = -2*w, -n + v - 61 = -2*w. What is the tens digit of w?
2
What is the thousands digit of -1 - (-1 + 7 + -1511)?
1
Suppose -5*r = -4*l - 100, -2*r - 5 = -4*l - 33. What is the units digit of r?
4
Suppose 2 + 8 = -2*g - 2*o, -4*o = -3*g + 20. Suppose g = c + c - 114. What is the units digit of c?
7
Suppose 4*r - 28 = -3*l, 5*r + 3*l + 2*l - 40 = 0. What is the tens digit of (-1)/((r/162)/(-2)) - -3?
8
Suppose -n + 3*b = 8, 4*n - 5*b - 24 = -7*b. Let g(t) = t**3 - 2*t**2 - t - 4. What is the units digit of g(n)?
4
Let m(z) = 38*z**2 + 35*z - 32. What is the units digit of m(-9)?
1
Let k be 2/9 + 2651/99. Let m = k + -12. Suppose -7*s + m = 2*q - 4*s, 43 = 5*q + 2*s. What is the units digit of q?
9
Suppose 12*n - 6*n - 18 = 0. Suppose 2*z - 90 = -4*f, n*z - f - 3*f - 125 = 0. What is the units digit of z?
3
Let p = -599 - -1015. What is the tens digit of p?
1
Let i = 20 - 30. Let u be ((-18)/(-6))/(3/i). What is the units digit of (-469)/(-35) + 4/u?
3
Let j(x) = -3*x + 5. Let z be j(2). What is the units digit of 115 - (z + 2 - 4)?
8
Let s(g) = g + 5. Let f(m) = -2*m - 8. Let z = 1 - 8. Let q be f(z). What is the tens digit of s(q)?
1
Let i = 77 - -301. What is the tens digit of i?
7
Let l = -5 - -3. Let u be -4 + 7 - (l - -5). Suppose u = -4*z + 73 + 31. What is the units digit of z?
6
Let z(l) = 211*l + 608. What is the thousands digit of z(8)?
2
Suppose 845 + 722 = x - 4*o, -6336 = -4*x - o. What is the units digit of x?
3
Suppose 0 = 2*q - 3*q + 4*l + 28, -q = -3*l - 23. What is the units digit of (-4)/q + 652/8?
1
Suppose 4*h = 8*h - 12. Suppose -4*t = -4*m + t + 586, -4*m + h*t + 590 = 0. What is the units digit of m?
9
Suppose -2*y + 3*y = 4. Suppose -2*w = -d - 23, -3*w - y*d - 40 = -7*w. Let q = w - -5. What is the units digit of q?
8
Suppose -16*f + 17*f - 2149 = -4*m, -3*m + 4318 = 2*f. What is the hundreds digit of f?
1
Suppose 2*n - 122 = 160. Let d = -120 - -205. Let z = n - d. What is the tens digit of z?
5
Let q(m) = -m**3 - 37*m**2 - 73*m + 217. What is the units digit of q(-35)?
2
Let l(a) = 2*a - 20. Let i be l(11). Suppose -5*m + i*g = -44 - 200, 5*m - g = 247. What is the units digit of m?
0
Suppose -29*i + 144495 = 66*i. What is the tens digit of i?
2
Suppose -2893*v = -2888*v - 7425. What is the thousands digit of v?
1
Suppose -9186 = -16*s + 622. What is the hundreds digit of s?
6
Let c(m) = -53*m**2 + m + 1. Let u be c(-1). Let x = 179 + u. What is the tens digit of x?
2
Let w(r) be the first derivative of -55*r**4/4 - r**2 - r - 91. Suppose 3*o + 1 = m, -2*o - 15 = 4*m - 5. What is the units digit of w(o)?
6
Let h(g) = -5 + 7*g - 6 - 5*g - 5*g. Let j be h(-5). Suppose 0*c - j*c - n = -70, -4*n = -3*c + 62. What is the tens digit of c?
1
Let s = -4 - 11. Let n(q) = -q**3 - 16*q**2 - 14*q + 48. What is the units digit of n(s)?
3
Suppose 0*h + h = -2*x - 8, 0 = -5*x. Let b(c) = c**2 + 7*c - 4. Let z be b(h). What is the units digit of 3 + (8 - 16/z)?
7
Suppose -3*a + 939 = 3*k, 638 = -0*k + 2*k - 2*a. What is the units digit of k?
6
Let y(u) = -59*u - 25. Let l be y(-3). Let o = l - 77. What is the tens digit of o?
7
Let h(q) = -q**3 - q**2 + q + 4. Let o be h(0). Suppose l = 5*r - 0*r - 689, o*l = -3*r + 395. What is the hundreds digit of r?
1
Suppose -11284 = -3*w + 4*n + 787, w - 5*n - 4020 = 0. What is the thousands digit of w?
4
Let q = -878 + 1480. What is the hundreds digit of q?
6
Suppose 1044 = 3*n - 72*t + 75*t, 3*t + 344 = n. What is the tens digit of n?
4
Let q(r) = 14*r - 3. Let z be q(2). Suppose 0 = -5*d + z, 3*p = -2*p + d + 45. What is the tens digit of p?
1
What is the units digit of 45/(-4 - (-55)/10) + 0?
0
Suppose a + 0*a + 1 = 0, 21 = x - 4*a. Suppose -2*j - j + 4*l = 6, 5*l - x = -j. What is the units digit of (j + 2)/2 + 25?
7
Suppose -5*f + 5*w - 30 = 0, 0*f + w + 10 = -3*f. Let o be 2/4*2 + 1. What is the units digit of 13 + o + (f - 1)?
0
Let a(d) = -d**3 + 10*d - 4. Let y(x) = -x**3 + 12*x**2 + 8. Let h be y(12). Let g be a(h). What is the tens digit of g/(-18) + 2/(-9)?
2
Suppose -37*s = s - 13414. What is the hundreds digit of s?
3
Suppose -3*t = -r + 2, 4 = 2*r - 0*r - 3*t. Let i be -3*(r - (-10)/(-3)). Suppose 4*y + 351 = 5*q, -2*y = 4 + i. What is the units digit of q?
7
Suppose -2 = -0*k - 2*k. Suppose -p + 3 = -k. What is the units digit of 0 + 0 + (p - -9)?
3
Let b(d) = 3*d + 38. Suppose 2*t + 2*t = 72. What is the tens digit of b(t)?
9
Let j = -3 - -6. Suppose -9 = -j*p - 0. Suppose p*u = -u + 80. What is the units digit of u?
0
Let d(a) = -1 + a + 2*a + 0*a + 5*a. Suppose u - 6*u = -20. What is the units digit of d(u)?
1
Let u(j) = 18*j**2 + 7*j - 4. Let d(q) = -19*q**2 - 6*q + 4. Let p(f) = -7*d(f) - 6*u(f). Let o be p(-2). Suppose 3*x - o = 9. What is the units digit of x?
5
Suppose -4*k - 4*r + 12 = 0, -3*r + 2*r + 3 = 5*k. Suppose -4*f - 32 = -l - l, k = 3*f. What is the units digit of l?
6
What is the hundreds digit of (-6 - -6) + (2 - 954/(-2))?
4
Suppose 6*y - 23 - 13 = 0. Suppose -y*v = -3*v + 69. Let b = -14 - v. What is the units digit of b?
9
Let z(o) = o**2 - 3*o - 6. Let u be z(8). Suppose 0*c + u = 2*c. Suppose 2*k - c = k. What is the tens digit of k?
1
Suppose 4*f + 6 - 22 = 0, -3*k - 2*f = -1196. What is the hundreds digit of k?
3
Suppose 51*c + 9250 = 61*c. What is the hundreds digit of c?
9
Let d be ((-36)/16)/(3/8). What is the units digit of (-4)/4*(-75 - d/(-3))?
7
Let t(l) = 190*l - 4. What is the units digit of t(3)?
6
What is the tens digit of -5 + 10 + (-1 + 43 - 1)?
4
Suppose 2*i + 57 = -5*x, -4*x - 3*i = -8*i + 39. Let z be 1*(-4)/4 + x. Let u = z - -40. What is the tens digit of u?
2
Let o = -78 - -153. Suppose o + 13 = g. Suppose 26 = -2*y + g. What is the tens digit of y?
3
Let d = 104 - 101. Suppose -d*a - 2*a + 670 = 0. What is the hundreds digit of a?
1
What is the thousands digit of (-2)/3*14/(56/(-14898))?
2
Let x(a) = a**2 + a + 33. Let i(w) = 4*w**2 + w - 3. Let b be i(-2). What is the hundreds digit of x(b)?
1
Let j be 21/7 + -1 + (-1 - -3). Suppose 0 = j*u - 150 + 38. What is the units digit of u?
8
Let k(n) = -4*n**2 - 16*n + 20. Let g(m) = 7*m**2 + 33*m - 41. Let o(r) = 6*g(r) + 11*k(r). Let b be o(15). Let h = 205 + b. What is the tens digit of h?
5
Let l = -22 + 37. Suppose -2*x + 57 = 5*t - 2, -x + 37 = 4*t. Let q = x - l. What is the units digit of q?
2
Suppose -5*f = 2*m - 4*f - 28, 42 = 3*m - 4*f. Let t be 9/63 + (-380)/m. Let b = 38 + t. What is the tens digit of b?
1
Let a(c) = -4*c + 2 + 0*c - 4*c. Let r be a(7). What is the tens digit of (r/(-10))/(1/5)?
2
Suppose v = -q + 10, 2*v = -0*v + 5*q - 15. Suppose -v*z + 256 = 41. Suppose 4*b = -t + 3*b + z, -5*b - 181 = -4*t. What is the tens digit of t?
4
Let n(y) = -4*y**3 + 3*y + 5. Let l be n(-2). Let z be (l - 13)*2/4. Suppose 11*a - 64 = z*a. What is the tens digit of a?
3
Let c(n) = 81*n**3 + 10*n**2 - 30*n + 1. What is the hundreds digit of c(3)?
1
Suppose 24 = 4*m - 0. Let b(l) be the third derivative of 5*l**4/24 - 3*l**3/2 + 17*l**2. What is the tens digit of b(m)?
2
Let r(p) = -5*p + 582. What is the hundreds digit of r(-45)?
8
Let s = -871 + 1447. What is the units digit of s?
6
Let g(j) = -2*j**3 - 5*j**2 + 7*j. Let z(x) = x**3 - x**2 + 1. Let v(b) = -g(b) - 3*z(b). Let r = 1 - -5. What is 